hest common divisor of 12 and 66972?
12
What is the highest common factor of 1056 and 3278?
22
Calculate the greatest common divisor of 1102 and 558482.
58
What is the highest common factor of 19 and 235087?
19
Calculate the greatest common divisor of 37 and 168165.
37
Calculate the highest common divisor of 66878 and 2618.
238
Calculate the greatest common divisor of 12 and 186996.
12
What is the highest common divisor of 356 and 7942538?
178
Calculate the greatest common divisor of 345 and 1950.
15
What is the highest common factor of 5614261 and 263?
263
What is the greatest common divisor of 2868 and 612?
12
Calculate the highest common divisor of 50 and 26375.
25
Calculate the highest common divisor of 94 and 3125218.
94
What is the highest common divisor of 1547 and 91?
91
Calculate the highest common divisor of 6554 and 35482.
226
What is the greatest common divisor of 8910 and 1089?
99
What is the highest common divisor of 1750 and 6706?
14
Calculate the highest common factor of 256531 and 11.
11
Calculate the highest common divisor of 4430 and 89486.
886
Calculate the highest common divisor of 77260 and 190.
10
Calculate the greatest common divisor of 27648 and 27.
27
Calculate the greatest common divisor of 107334 and 18.
18
Calculate the highest common divisor of 115 and 782460.
115
Calculate the greatest common divisor of 201 and 2648443.
67
Calculate the highest common divisor of 3100 and 150.
50
Calculate the greatest common factor of 43064 and 448.
56
What is the greatest common divisor of 1957 and 70143?
103
What is the highest common factor of 444 and 3972?
12
Calculate the greatest common factor of 346 and 74909.
173
Calculate the greatest common factor of 281070 and 10.
10
Calculate the greatest common divisor of 44 and 8428.
4
What is the greatest common factor of 330 and 666468?
66
Calculate the highest common factor of 14905 and 2640.
55
Calculate the highest common factor of 253287 and 295.
59
What is the highest common divisor of 54382 and 22?
2
Calculate the highest common factor of 2824552 and 24.
8
What is the greatest common factor of 275 and 40865?
55
What is the highest common factor of 30351 and 17818?
151
Calculate the highest common divisor of 492 and 46576.
164
What is the greatest common factor of 574 and 1325366?
574
What is the greatest common factor of 5760 and 990?
90
Calculate the highest common divisor of 1340043 and 1684.
421
Calculate the highest common factor of 252 and 6412.
28
What is the greatest common factor of 189 and 24?
3
Calculate the highest common factor of 7440 and 6758.
62
Calculate the greatest common divisor of 24769 and 5076.
47
What is the greatest common divisor of 2668 and 2162?
46
Calculate the highest common divisor of 17542 and 196.
98
What is the greatest common factor of 1196 and 8004?
92
Calculate the highest common divisor of 1536 and 264.
24
What is the highest common factor of 1200 and 5112?
24
Calculate the highest common divisor of 15 and 148465.
5
Calculate the greatest common factor of 4690 and 560.
70
What is the highest common divisor of 49963 and 17?
17
What is the highest common factor of 3245 and 3685?
55
What is the highest common divisor of 20049 and 21279?
123
Calculate the highest common divisor of 10564 and 5947.
19
What is the greatest common factor of 612 and 779796?
36
Calculate the highest common factor of 1989 and 1207.
17
Calculate the highest common divisor of 429 and 809666.
143
Calculate the highest common divisor of 1675228 and 1840.
92
Calculate the greatest common factor of 208637 and 429.
143
What is the greatest common divisor of 120 and 871380?
60
What is the greatest common factor of 180 and 1360800?
180
What is the highest common divisor of 3510058 and 238?
34
What is the greatest common factor of 1 and 1546003?
1
Calculate the highest common factor of 392 and 1016.
8
Calculate the greatest common divisor of 2176 and 391.
17
What is the highest common divisor of 121 and 117821?
11
Calculate the greatest common divisor of 195 and 217035.
195
What is the greatest common factor of 290228 and 259?
37
Calculate the greatest common factor of 6 and 29454.
6
What is the greatest common factor of 24092 and 135676?
1268
Calculate the greatest common factor of 56 and 49832.
8
What is the highest common factor of 2404281 and 5412?
1353
What is the greatest common divisor of 285 and 519195?
15
Calculate the greatest common divisor of 284160 and 10545.
555
What is the highest common divisor of 19 and 376561?
19
Calculate the greatest common divisor of 7842 and 2.
2
Calculate the highest common factor of 816 and 10128.
48
Calculate the highest common factor of 34825 and 1050.
175
What is the highest common factor of 16153 and 11049?
29
What is the highest common divisor of 103 and 1175333?
103
What is the highest common factor of 36208 and 1333?
31
What is the highest common divisor of 7488 and 132480?
576
Calculate the greatest common factor of 224004 and 792.
132
Calculate the highest common divisor of 789838 and 91.
7
Calculate the highest common factor of 38646 and 266.
38
Calculate the greatest common factor of 1806365 and 33.
11
What is the greatest common factor of 1020 and 10?
10
What is the highest common factor of 177166 and 22?
22
Calculate the greatest common factor of 7052 and 5125.
41
Calculate the highest common divisor of 24564 and 11132.
92
Calculate the greatest common divisor of 18241 and 35989.
493
Calculate the highest common divisor of 2690 and 170546.
538
What is the highest common divisor of 6432 and 5574?
6
Calculate the highest common factor of 575540 and 120.
20
What is the highest common factor of 129252 and 12?
12
Calculate the greatest common divisor of 46 and 23161.
23
Calculate the greatest common factor of 484 and 32659.
11
Calculate the highest common factor of 178 and 220186.
178
Calculate the highest common factor of 1530 and 198540.
90
What is the highest common divisor of 23 and 1214998?
23
Calculate the highest common factor of 449952 and 516.
516
Calculate the greatest common divisor of 51058 and 84.
14
Calculate the highest common factor of 2046 and 85591.
341
What is the highest common divisor of 17887 and 62?
31
What is the greatest common factor of 29876 and 1012?
44
Calculate the highest common divisor of 95030 and 129.
43
Calculate the highest common factor of 1976 and 9451.
13
What is the greatest common factor of 61039 and 1705?
341
What is the highest common factor of 544 and 28016?
272
Calculate the highest common divisor of 53 and 3464663.
53
Calculate the highest common divisor of 18 and 209590.
2
Calculate the highest common divisor of 1302 and 86676.
186
What is the highest common divisor of 8432 and 48416?
272
What is the highest common divisor of 179 and 3279280?
179
What is the highest common factor of 3447 and 123?
3
What is the greatest common factor of 200669 and 259?
7
What is the greatest common factor of 191902 and 11313?
419
Calculate the highest common factor of 720 and 22095.
45
What is the greatest common factor of 16 and 1240024?
8
What is the highest common divisor of 378 and 45990?
126
What is the greatest common divisor of 4 and 294242?
2
What is the greatest common factor of 105996 and 657?
219
What is the highest common divisor of 587104 and 4032?
224
Calculate the highest common factor of 18601 and 206569.
979
Calculate the highest common factor of 26134 and 84846.
358
Calculate the greatest common factor of 11 and 10899922.
11
Calculate the highest common factor of 110 and 1207360.
110
What is the highest common factor of 210648 and 2616?
24
Calculate the greatest common divisor of 4131 and 2720.
17
What is the greatest common divisor of 80 and 58832?
16
Calculate the highest common factor of 4182 and 12750.
102
Calculate the highest common divisor of 260194 and 396.
22
What is the highest common factor of 377695 and 25?
5
Calculate the highest common divisor of 820338 and 564.
282
What is the greatest common divisor of 4 and 248872?
4
What is the greatest common divisor of 2146 and 14?
2
Calculate the highest common divisor of 623266 and 28.
14
Calculate the greatest common factor of 114470 and 80.
10
Calculate the highest common divisor of 63211 and 2.
1
Calculate the greatest